7?
0
What is the units digit of 571?
1
What is the units digit of 1615?
5
What is the units digit of 71288?
8
What is the units digit of 1110?
0
What is the thousands digit of 6323?
6
What is the thousands digit of 2151?
2
What is the units digit of 76094?
4
What is the tens digit of 39201?
0
What is the hundreds digit of 1556?
5
What is the hundreds digit of 441?
4
What is the units digit of 460?
0
What is the units digit of 22538?
8
What is the tens digit of 745?
4
What is the units digit of 2027?
7
What is the units digit of 4937?
7
What is the hundreds digit of 3860?
8
What is the thousands digit of 15775?
5
What is the thousands digit of 16578?
6
What is the tens digit of 637?
3
What is the units digit of 467?
7
What is the hundreds digit of 740?
7
What is the tens digit of 101258?
5
What is the tens digit of 4170?
7
What is the tens digit of 1225?
2
What is the units digit of 1992?
2
What is the units digit of 2371?
1
What is the hundreds digit of 1058?
0
What is the tens digit of 9892?
9
What is the hundreds digit of 466?
4
What is the tens digit of 171542?
4
What is the thousands digit of 1417?
1
What is the hundreds digit of 20682?
6
What is the units digit of 2436?
6
What is the thousands digit of 2733?
2
What is the hundreds digit of 46266?
2
What is the units digit of 1406?
6
What is the hundreds digit of 110763?
7
What is the hundreds digit of 13216?
2
What is the hundreds digit of 987?
9
What is the hundreds digit of 60995?
9
What is the tens digit of 108442?
4
What is the tens digit of 2464?
6
What is the units digit of 2465?
5
What is the units digit of 116?
6
What is the tens digit of 16731?
3
What is the units digit of 11647?
7
What is the hundreds digit of 1813?
8
What is the hundreds digit of 2753?
7
What is the thousands digit of 2022?
2
What is the units digit of 22858?
8
What is the units digit of 44121?
1
What is the units digit of 333?
3
What is the hundreds digit of 1169?
1
What is the ten thousands digit of 34272?
3
What is the ten thousands digit of 20661?
2
What is the hundreds digit of 7659?
6
What is the thousands digit of 9086?
9
What is the units digit of 35862?
2
What is the tens digit of 3917?
1
What is the hundred thousands digit of 104453?
1
What is the thousands digit of 1986?
1
What is the ten thousands digit of 16662?
1
What is the units digit of 16416?
6
What is the hundreds digit of 15306?
3
What is the thousands digit of 30724?
0
What is the tens digit of 1916?
1
What is the thousands digit of 9758?
9
What is the hundreds digit of 8237?
2
What is the units digit of 39521?
1
What is the units digit of 10302?
2
What is the hundreds digit of 2106?
1
What is the tens digit of 950?
5
What is the ten thousands digit of 156972?
5
What is the tens digit of 654?
5
What is the units digit of 2710?
0
What is the hundreds digit of 6187?
1
What is the units digit of 9378?
8
What is the thousands digit of 43098?
3
What is the thousands digit of 64476?
4
What is the units digit of 15258?
8
What is the ten thousands digit of 22976?
2
What is the tens digit of 1300?
0
What is the hundreds digit of 52207?
2
What is the ten thousands digit of 41187?
4
What is the units digit of 49910?
0
What is the hundreds digit of 69717?
7
What is the hundreds digit of 4258?
2
What is the hundreds digit of 833?
8
What is the tens digit of 13819?
1
What is the thousands digit of 7350?
7
What is the thousands digit of 20710?
0
What is the ten thousands digit of 128495?
2
What is the hundreds digit of 43616?
6
What is the tens digit of 9795?
9
What is the thousands digit of 1789?
1
What is the tens digit of 1153?
5
What is the tens digit of 52522?
2
What is the tens digit of 125931?
3
What is the ten thousands digit of 26034?
2
What is the hundreds digit of 23633?
6
What is the tens digit of 177117?
1
What is the units digit of 9051?
1
What is the hundred thousands digit of 133655?
1
What is the units digit of 1453?
3
What is the tens digit of 724?
2
What is the thousands digit of 2470?
2
What is the units digit of 4213?
3
What is the units digit of 1568?
8
What is the thousands digit of 1064?
1
What is the ten thousands digit of 110012?
1
What is the tens digit of 363?
6
What is the units digit of 4031?
1
What is the hundreds digit of 338?
3
What is the thousands digit of 1726?
1
What is the tens digit of 4614?
1
What is the units digit of 10719?
9
What is the hundreds digit of 260?
2
What is the tens digit of 24440?
4
What is the thousands digit of 2355?
2
What is the units digit of 10291?
1
What is the units digit of 75?
5
What is the units digit of 1?
1
What is the thousands digit of 3743?
3
What is the thousands digit of 23927?
3
What is the thousands digit of 8068?
8
What is the units digit of 179268?
8
What is the thousands digit of 3699?
3
What is the hundreds digit of 19657?
6
What is the hundreds digit of 562?
5
What is the thousands digit of 3535?
3
What is the tens digit of 88?
8
What is the tens digit of 815?
1
What is the hundreds digit of 19147?
1
What is the hundreds digit of 655?
6
What is the tens digit of 92852?
5
What is the hundreds digit of 1669?
6
What is the thousands digit of 2355?
2
What is the hundreds digit of 721?
7
What is the thousands digit of 2046?
2
What is the tens digit of 252?
5
What is the tens digit of 104916?
1
What is the thousands digit of 12987?
2
What is the hundreds digit of 875?
8
What is the units digit of 128814?
4
What is the units digit of 19423?
3
What is the ten thousands digit of 39761?
3
What is the tens digit of 1854?
5
What is the tens digit of 210?
1
What is the hundreds digit of 1786?
7
What is the hundreds digit of 3091?
0
What is the hundreds digit of 406?
4
What is the thousands digit of 3719?
3
What is the thousands digit of 3084?
3
What is the hundreds digit of 2674?
6
What is the units digit of 1166?
6
What is the tens digit of 5307?
0
What is the tens digit of 577?
7
What is the units digit of 141?
1
What is the tens digit of 1829?
2
What is the hundreds digit of 13052?
0
What is the units digit of 6098?
8
What is the units digit of 4213?
3
What is the hundreds digit of 1950?
9
What is the ten thousands digit of 23140?
2
What is the hundreds digit of 59932?
9
What is the thousands digit of 12180?
2
What is the thousands digit of 3879?
3
What is the hundreds digit of 4540?
5
What is the ten thousands digit of 15433?
1
What is the tens digit of 4425?
2
What is the hundreds digit of 22696?
6
What is the tens digit of 4417?
1
What is the thousands digit of 3080?
3
What is the units digit of 382?
2
What is the ten thousands digit of 13053?
1
What is the units digit of 21212?
2
What is the hundreds digit of 5700?
7
What is the tens digit of 70?
7
What is the units digit of 90687?
7
What is the units digit of 402?
2
What is the tens digit of 15035?
3
What is the hundreds digit of 636?
6
What is the ten thousands digit of 126971?
2
What is the thousands digit of 6825?
6
What is the hundreds digit of 11072?
0
What is the tens digit of 1903?
0
What is the units digit of 2014?
4
What is the thousands digit of 18499?
8
What is the units digit of 561?
1
What is the thousands digit of 2765?
2
What is the units digit of 21683?
3
What is the thousands digit of 60743?
0
What is the hundreds digit of 1836?
8
What is the tens digit of 3632?
3
What is the ten thousands digit of 92177?
9
What is the units digit of 19255?
5
What is the tens digit of 2367?
6
What is the hundreds digit of 133346?
3
What is the units digit of 1051?
1
What is the tens digit of 5777?
7
What is the units digit of 721?
1
What is the units digit of 7255?
5
What is the units digit of 4179?
9
What is the ten thousands digit of 12447?
1
What is the units digit of 3517?
7
What is the hundreds digit of 8959?
9
What is the tens digit of 56777?
7
What is the tens digit of 1937?
3
What is the units digit of 1812?
2
What is the units digit of 8718?
8
What is the units digit of 7648?
8
What is the thousands digit of 1067?
1
What is the hundreds digit of 5660?
6
What is the ten thousands digit of 29933?
2
What is the tens digit of 50123?
2
What is the tens digit of 12951?
5
What is the ten thousands digit of 79237?
7
What is the thousands digit of 30882?
0
What is the tens digit of 1682?
8
What is the units digit of 227?
7
Wh